1
List the prime factors of 174663602.
2, 87331801
What are the prime factors of 138142195?
5, 27628439
What are the prime factors of 957262678?
2, 478631339
List the prime factors of 2890531925.
5, 191, 605347
List the prime factors of 10549950.
2, 3, 5, 61, 1153
List the prime factors of 336006065.
5, 37, 113, 16073
List the prime factors of 182774118.
2, 3, 103, 295751
List the prime factors of 895834474.
2, 5399, 82963
List the prime factors of 16584534.
2, 3, 307121
What are the prime factors of 7363821365?
5, 7489, 196657
What are the prime factors of 127822384?
2, 7988899
What are the prime factors of 736589231?
7, 41, 2566513
List the prime factors of 612804511.
11, 19, 1153, 2543
What are the prime factors of 308613212?
2, 77153303
List the prime factors of 1131601262.
2, 11, 499, 103079
List the prime factors of 578326101.
3, 101, 1908667
List the prime factors of 1449944968.
2, 181243121
List the prime factors of 182209819.
11, 263, 62983
List the prime factors of 72937435.
5, 2089, 6983
List the prime factors of 32656880.
2, 5, 408211
List the prime factors of 1366699724.
2, 13, 26282687
What are the prime factors of 44460599?
44460599
List the prime factors of 579390845.
5, 11, 19, 571, 971
What are the prime factors of 53635593?
3, 11, 1625321
List the prime factors of 664519646.
2, 7, 97, 489337
What are the prime factors of 55892128?
2, 1746629
List the prime factors of 3726750472.
2, 17, 27402577
List the prime factors of 213979557.
3, 11, 23, 281923
List the prime factors of 156349499.
19, 401, 20521
List the prime factors of 1641341175.
3, 5, 43, 508943
List the prime factors of 335715697.
335715697
What are the prime factors of 97372907?
97372907
What are the prime factors of 145369765?
5, 29073953
What are the prime factors of 447320906?
2, 41, 5455133
What are the prime factors of 142308150?
2, 3, 5, 948721
What are the prime factors of 62767939?
13, 4828303
What are the prime factors of 1561296768?
2, 3, 4065877
What are the prime factors of 4927478141?
32833, 150077
What are the prime factors of 519227817?
3, 173075939
What are the prime factors of 1588302307?
1588302307
What are the prime factors of 149544150?
2, 3, 5, 7, 73, 1951
List the prime factors of 40755702.
2, 3, 13, 40193
What are the prime factors of 138560699?
2803, 49433
What are the prime factors of 129451616?
2, 7, 577909
What are the prime factors of 4486312?
2, 89, 6301
What are the prime factors of 212638751?
13, 41, 223, 1789
List the prime factors of 41493408.
2, 3, 11, 39293
List the prime factors of 1635233149.
11, 2939, 50581
List the prime factors of 138995939.
37, 101531
List the prime factors of 6037483312.
2, 7, 97, 383, 1451
What are the prime factors of 4814606636?
2, 7, 2953, 58229
What are the prime factors of 692300717?
692300717
What are the prime factors of 272727091?
7, 13, 428143
List the prime factors of 65110569.
3, 157, 138239
What are the prime factors of 87373481?
13, 23, 73, 4003
List the prime factors of 31004606.
2, 15502303
What are the prime factors of 528322368?
2, 3, 7, 393097
What are the prime factors of 648037309?
97, 6680797
What are the prime factors of 44660248?
2, 5582531
List the prime factors of 380812138.
2, 7, 17, 1600051
List the prime factors of 4896044053.
9631, 508363
List the prime factors of 63777192.
2, 3, 191, 13913
List the prime factors of 491610691.
11, 13, 67, 3947
List the prime factors of 4731158450.
2, 5, 94623169
What are the prime factors of 601664942?
2, 300832471
List the prime factors of 33912423.
3, 43, 87629
What are the prime factors of 3417892639?
7, 281, 248231
List the prime factors of 671763916.
2, 167940979
What are the prime factors of 3436756861?
107, 179, 179437
What are the prime factors of 81371751?
3, 71, 103, 3709
What are the prime factors of 7276097?
7276097
List the prime factors of 119940710.
2, 5, 47, 255193
What are the prime factors of 447524128?
2, 3329, 4201
What are the prime factors of 85174667?
4019, 21193
List the prime factors of 1301820010.
2, 5, 23, 5660087
What are the prime factors of 186845554?
2, 7, 2657, 5023
What are the prime factors of 1486063166?
2, 7, 23, 509, 9067
What are the prime factors of 1154788728?
2, 3, 109, 239, 1847
List the prime factors of 4945684568.
2, 11, 56200961
List the prime factors of 1134886427.
8521, 133187
What are the prime factors of 62629484?
2, 15657371
What are the prime factors of 512588575?
5, 2357, 8699
List the prime factors of 1121870955.
3, 5, 74791397
What are the prime factors of 3076825270?
2, 5, 103, 2987209
What are the prime factors of 24975762?
2, 3, 7, 59, 10079
List the prime factors of 438938682.
2, 3, 7, 13, 383, 2099
List the prime factors of 5210172292.
2, 13, 79, 1268299
List the prime factors of 21610176.
2, 3, 7, 2297
What are the prime factors of 114613389?
3, 11, 1157711
List the prime factors of 110678571.
3, 12297619
List the prime factors of 567421229.
179, 3169951
What are the prime factors of 2732044656?
2, 3, 11, 19, 272333
List the prime factors of 973102932.
2, 3, 857, 31541
What are the prime factors of 53437735?
5, 13, 449, 1831
What are the prime factors of 55820777?
4957, 11261
List the prime factors of 338715063.
3, 41, 917927
What are the prime factors of 162870864?
2, 3, 13, 261011
What are the prime factors of 97915898?
2, 2711, 18059
List the prime factors of 519627149.
37, 14043977
What are the prime factors of 41712716?
2, 97, 107507
What are the prime factors of 1010406888?
2, 3, 14033429
What are the prime factors of 138047894?
2, 2287, 30181
List the prime factors of 44301090.
2, 3, 5, 1476703
What are the prime factors of 134024084?
2, 83, 403687
What are the prime factors of 377831611?
89, 1871, 2269
What are the prime factors of 18328273?
1499, 12227
List the prime factors of 358579391.
101, 593, 5987
What are the prime factors of 11453665?
5, 17, 47, 61
List the prime factors of 1214889.
3, 13, 31151
What are the prime factors of 873458710?
2, 5, 241, 362431
What are the prime factors of 131700244?
2, 13, 2532697
What are the prime factors of 74525322?
2, 3, 12420887
List the prime factors of 388084076.
2, 47, 2064277
What are the prime factors of 1950302794?
2, 11, 88650127
List the prime factors of 80539799.
80539799
What are the prime factors of 53865336?
2, 3, 7, 320627
List the prime factors of 248449965.
3, 5, 31, 534301
What are the prime factors of 80389912?
2, 19, 528881
What are the prime factors of 324923669?
7, 17, 67, 83, 491
What are the prime factors of 8482695?
3, 5, 13, 41, 1061
What are the prime factors of 2401609300?
2, 5, 379, 63367
What are the prime factors of 1337868878?
2, 1117, 598867
What are the prime factors of 91325673?
3, 10147297
What are the prime factors of 8314250959?
7, 169678591
What are the prime factors of 399894791?
17, 71, 19489
What are the prime factors of 404003954?
2, 19, 10631683
List the prime factors of 1004152864.
2, 11, 13, 19949
List the prime factors of 9287184.
2, 3, 191, 1013
What are the prime factors of 429179378?
2, 251, 311, 2749
List the prime factors of 3197452409.
83, 38523523
What are the prime factors of 129954554?
2, 23, 2825099
What are the prime factors of 266201021?
266201021
What are the prime factors of 121846521?
3, 40615507
What are the prime factors of 7383815337?
3, 41, 60031019
List the prime factors of 272792745.
3, 5, 2020687
What are the prime factors of 396446038?
2, 157, 829, 1523
List the prime factors of 81705781.
83, 984407
List the prime factors of 63514069.
1861, 34129
List the prime factors of 2063934985.
5, 7, 58969571
What are the prime factors of 104105959?
19, 269, 20369
What are the prime factors of 3090098534?
2, 17, 90885251
What are the prime factors of 483552268?
2, 120888067
List the prime factors of 2173285892.
2, 19, 79, 361973
What are the prime factors of 49729787?
49729787
List the prime factors of 1873094622.
2, 3, 7, 44597491
List the prime factors of 3355148786.
2, 11, 31, 4919573
List the prime factors of 29449534.
2, 14724767
What are the prime factors of 26420760?
2, 3, 5, 79, 929
What are the prime factors of 550106540?
2, 5, 61, 211, 2137
List the prime factors of 191524355.
5, 11, 31, 112331
List the prime factors of 26358404.
2, 163, 40427
List the prime factor